(-502)/s)/(5/(-10)) a prime number?
True
Suppose 93*v - 95*v = -6122. Is v a composite number?
False
Let s(j) = -j**2 + j + 4. Let r be s(2). Suppose 5*b = r*c - 626, 0 = 4*c - 0*c - 2*b - 1284. Is c a composite number?
True
Let l be 2/6 + (-1097)/(-3). Suppose -6*g + l = -4*g. Let t = g - -383. Is t composite?
True
Suppose 4*b + 2*v + 90 = 2*b, -v = -3*b - 131. Let r = 909 - b. Is r prime?
True
Suppose 4*d - 121 = 3*u, 18 - 28 = -2*u. Let x = 8 + 239. Suppose 0 = -h + x - d. Is h a prime number?
False
Let q(f) = f**2 - 7*f + 3. Let p be q(8). Let y be ((-5)/(-3))/(p/132). Is 8/y - 4959/(-15) a composite number?
False
Suppose h - 2 = -3, 2*r + h - 2637 = 0. Is r composite?
False
Suppose 50*z - 41*z = 57465. Is z a composite number?
True
Suppose 3*y = -3*y - 342. Suppose 4*w = -0 + 4, f - 183 = w. Let b = y + f. Is b composite?
False
Let g(p) = 308*p - 36 + 7 + 62*p. Let v(d) = -123*d + 10. Let a(j) = 3*g(j) + 8*v(j). Is a(4) a prime number?
False
Let v = -15 - 340. Let a = v - -912. Is a prime?
True
Let i(r) = -r**3 + 3*r**2 + 21*r - 6. Let f be i(6). Suppose f*h - 10925 = 2887. Is h prime?
True
Let p be 2/3 - (-20)/15. Suppose -8 = -p*u - 0*u. Suppose -g + u*w + 632 = 3*g, 478 = 3*g + w. Is g prime?
False
Suppose -9*r + 17983 = -10376. Is r composite?
True
Let y(d) = -82*d - 43. Suppose 0 = o - 3*w + 15, -7*o = -2*o - 4*w + 42. Is y(o) composite?
False
Suppose -u = -q + 2*q - 74, 0 = q + 3*u - 82. Let i = q + -116. Let d = i - -205. Is d a prime number?
False
Let v(i) = i**3 + 4*i**2 - 12*i + 2. Let h be v(-6). Suppose h*j = 3*j - 327. Is j composite?
True
Let d(o) = 861*o**2 - 40*o + 193. Is d(8) prime?
False
Suppose -2*z + 9 - 3 = 0. Suppose -3*n = j - 477, 477 = 6*n - z*n + 2*j. Suppose -2*u + n = u. Is u composite?
False
Suppose 2*p - 2*y = -6*y - 2, 4*p - 2*y = 16. Suppose 4 = 5*t + 19, -3*d = -p*t - 24. Suppose -3*s = n - s - 399, 3*n = d*s + 1208. Is n a prime number?
True
Suppose -5*u - 2341 + 181 = 0. Let y = -247 - u. Is y a prime number?
False
Let y(h) = -h + 2. Let d be y(4). Let z be 67 + (-1 - 2 - d). Let l = z - 15. Is l composite?
True
Suppose 2*v - 40919 = 3*x, -v + 102284 = 4*v - 3*x. Is v prime?
False
Suppose -3*n = -12*n + 9081. Is n prime?
True
Let k(z) = -z**3 - 2*z**2 + 5*z + 3. Let y be k(-3). Let p(x) = 38*x**2 - x + 8. Is p(y) a prime number?
True
Suppose 4*v - 564540 = 162592. Is v composite?
True
Let b(g) = -g - 7. Let d be b(-7). Suppose -3*z + d = -3. Is 0 + 154 + (4 - z) composite?
False
Suppose -2*m = -4*m - 120. Let v = m - -245. Is v composite?
True
Let x(m) = 2*m**2 + 31921. Let n be x(0). Suppose -g = 5*i - n, 0 = 3*g + 16 - 4. Is i a composite number?
True
Let g(i) = 46*i - 18 - 5 - 43*i + 49*i. Is g(15) composite?
False
Let y = 1429 - 36. Is y prime?
False
Suppose 0*h - 2*g = -5*h + 589, 2*h - 4*g = 242. Suppose h = p - 26. Is p prime?
False
Suppose 4*j - 2*j - 3*k = -1, 4*j + 4*k = 28. Suppose -r - 5*g - 3037 = -2*r, g = -j*r + 12064. Is r prime?
False
Let u = 82 - 71. Suppose 0 = u*s - 2999 - 5108. Is s composite?
True
Suppose 84 = f - 4*j, -2*f - f - j + 213 = 0. Suppose -2*d + 5*d = 2*u + 878, -3*u = 4*d - 1148. Suppose d - f = 2*k. Is k a prime number?
True
Let g be (-14)/63 + 130/18. Suppose -3*h + 2 = -g. Suppose -4*k - 53 = -n, -n = h*k - 10 - 8. Is n prime?
False
Suppose -18 = -2*k + 4*y, 0 = -0*k + 5*k + y - 12. Suppose -g - 1 = 0, -k*d - g + 3*g + 68 = 0. Is d a composite number?
True
Let g(m) = 4*m**3 - m**2 + m - 1. Let h(n) = n**3 + n**2 - n + 1. Let z be h(0). Let b be g(z). Suppose -b*p + 1209 = 288. Is p a composite number?
False
Let t(i) be the second derivative of 6*i - 5/2*i**2 + 50/3*i**3 + 0. Is t(4) prime?
False
Suppose 0 = -3*v + 2*v. Let l be (-78)/(-16) - ((-474)/(-48) - 10). Suppose p + l*d - 98 = v, 5*p - 347 = p - 5*d. Is p a prime number?
True
Suppose 736672 = 16*o + 21744. Is o prime?
True
Let b = -1601 + 297. Let w = 3432 + b. Let v = -77 + w. Is v a prime number?
False
Suppose 7691 = 3*l - 6340. Suppose 3*o + l = 6*o. Is o a prime number?
True
Let v(y) = y**2 - 3*y - 4. Let k be v(6). Is k/8*72/18 prime?
True
Is (2767/(-2))/((-5)/10) composite?
False
Let j(t) = 19899*t**2 + 4*t - 21. Is j(2) a composite number?
True
Suppose -4*k - 769045 = 5*w - 10*w, 4*k - 153809 = -w. Is w prime?
False
Let q(j) = -2*j**3 + 4*j**2 - 2*j. Let f be q(2). Suppose 2*c - 6 = 4*n, -c - 4*n - 5 = -2*c. Is (142/f)/(c/(-2)) prime?
True
Suppose 12*k + 1964129 = 43*k. Is k a composite number?
True
Suppose 4*p - 5421 + 769 = 0. Let b = p - 718. Is b composite?
True
Is 4 + -6 + 5879 - 4 - -6 prime?
True
Is ((-7)/21)/(1/9) + 48916 a composite number?
True
Suppose -5*l = -23 - 2. Let v be 15/l - 2*2. Let u(q) = 8*q**2 - 1. Is u(v) prime?
True
Let b(q) = -q**2 - 6*q - 3. Let j be b(-2). Let s be (j + -3)*(2 + -1). Suppose s*u - 5*l = -3*l + 24, -u - 3*l = 8. Is u prime?
True
Suppose 2*d - 15*d = -135733. Is d a composite number?
True
Suppose -3*i + 7*i - 16 = 0. Suppose -i*d + 9 + 87 = 0. Suppose -3*t - t = -d. Is t a composite number?
True
Let j(h) = -13913*h**3 - 4*h**2 - 17*h - 23. Is j(-2) a composite number?
True
Let x(k) = 47*k + 53. Let s be x(27). Let b = 1863 - s. Is b composite?
False
Suppose b = -6*d + d + 163496, 0 = 4*d + 2*b - 130798. Is d prime?
False
Let l(p) = -p**3 - p**2 + p - 10. Let r be l(-3). Suppose -r*h - 3*s + 8284 = 0, 5*s = 4*h - 0*s - 6605. Is h a composite number?
True
Let x be (12/(-10))/((-8)/100). Let g = x + -11. Suppose -g*b = -8*b + 996. Is b a composite number?
True
Let t(j) = 124*j - 5. Let s be t(4). Let l be s/4 - (-1)/4. Let y = l + -70. Is y a composite number?
False
Is ((-2492)/70)/(2/(-295)) composite?
True
Let y = 26 - 18. Suppose 9*k - y*k = 157. Is k a composite number?
False
Let b = -936 + -1085. Let t = b + 3302. Suppose -p + 4*p = t. Is p prime?
False
Is 35226 - (-9 - (-2 + -4)) prime?
False
Let j = 7 + -3. Suppose 0 = 7*l - j*l + 12. Let n(b) = -191*b - 13. Is n(l) prime?
True
Let z(n) = 275*n + 127. Is z(14) a prime number?
False
Let a be 0 - (-9)/2*32. Let i = -78 - -95. Let w = a - i. Is w prime?
True
Let n(c) = 105*c**2 + 23. Is n(8) composite?
True
Suppose -p - p = b + 9, -2*p = 10. Let j be b/(-4) - 2533/(-4). Suppose -5*c = 0, 0 = -3*n - c + 5*c + j. Is n composite?
False
Let i = 9398 - 241. Is i a composite number?
False
Let i = 990 - -6367. Is i composite?
True
Let q be (11/((-11)/68))/(2/2). Let u be (-845)/(-7) + (-6)/(-21). Let t = u + q. Is t prime?
True
Let l(h) = 11*h**2 - 7*h + 11. Suppose -w - 2*w - 9 = -i, 0 = 4*i + 2*w - 8. Suppose 4*v + 37 = -i*q, -4*q - 2*v - 29 = -q. Is l(q) prime?
True
Let s(k) = -3*k - 30. Is s(-11) composite?
False
Let f(u) = -208*u + 9. Let j be f(-3). Let s = j + -340. Is s composite?
False
Suppose 2*j = p + 4 - 6, 3*p - 8 = 4*j. Let f be 6/j*3/(-9). Is (-3 + 15/(-2))*f a composite number?
True
Let v = 11098 - -671. Is v prime?
False
Let o = -1806 + 3216. Suppose -1122 = -12*t + o. Is t prime?
True
Let h be 2/6 - 5016/9. Let c = -150 - h. Is c composite?
True
Suppose -18*n - 2*n + 75740 = 0. Is n composite?
True
Let p be 3/(-1) - -9 - 1. Let i = -3 - -6. Suppose 0*z + i*v - 716 = -p*z, -4*z + v = -583. Is z a composite number?
True
Let y be 3*1/(-6)*-4. Suppose 2*a + z = 9, a + z - 9 = y*z. Let d(i) = 27*i + 1. Is d(a) a prime number?
True
Let c(j) = 112*j**2 - 10*j + 11. Let s(g) = 75*g**2 - 7*g + 7. Let l(r) = -5*c(r) + 8*s(r). Is l(5) a composite number?
False
Let r(k) = k - 2. Let l be r(8). Let d be 724 - (-4 + 4 + -1). Suppose -j = -l*j + d. Is j composite?
True
Suppose -3*o = 3*j - 26682, 0 = -4*j + 19 - 15. Is o a composite number?
False
Let q = -34 - -39. Suppose 5*d - 167 = -2*k, -4*d = -7*d + q*k + 125. Is d a prime number?
False
Let w be (-4)/(-12) + (-4438)/(-6). Let t be (10/(-25))/((-3)/45). Is (-3 + t - 4) + w composite?
False
Let s = -107 - -119. Suppose 4*r + 10184 = s*r. Is r a prime number?
False
Suppose 0 = 3*u, 4*u + 1028 = 3*d + 4160. Let q = d + 1678. Is q a composite number?
True
Is (1282/3)/((-6)/(-27)) a composite number?
True
Let c(t) = -t**2 + 16*t + 36. Let w be c(18). Suppose w*s - 3*s = 2*u - 1586, 0 = -5*s + 20. Is u prime?
True
Let u(x) = 4387*x - 240. Is u(11) composite?
False
Let m(p) = 21*p**3 - p**2 + p + 3. Let x be m(2). Suppose l + x = -3*t + 3044, -4*t + 3844 = -4*